
102
Calculate the greatest common divisor of 115488 and 514483.
401
Calculate the highest common divisor of 16318 and 3165938.
82
Calculate the greatest common divisor of 67954588 and 52.
52
What is the highest common factor of 6008225 and 73700?
1675
Calculate the greatest common divisor of 80 and 108055.
5
Calculate the greatest common factor of 1599477 and 1767.
57
Calculate the greatest common divisor of 22668 and 35228.
4
Calculate the greatest common divisor of 10318 and 8717236.
1474
What is the highest common divisor of 210 and 580558965?
105
Calculate the greatest common factor of 7795170 and 1080.
270
What is the highest common divisor of 25848 and 321120?
72
What is the highest common factor of 1034 and 4472238?
94
What is the highest common divisor of 367 and 1796465?
367
Calculate the greatest common factor of 268868 and 20.
4
Calculate the greatest common factor of 746460 and 132066.
5742
What is the greatest common divisor of 729 and 76983858?
729
What is the greatest common divisor of 107250 and 122650?
550
Calculate the highest common factor of 584718056 and 328.
328
Calculate the greatest common divisor of 278425 and 304.
1
Calculate the greatest common factor of 754974 and 118854.
1674
What is the highest common divisor of 51099225 and 3350?
1675
What is the greatest common divisor of 41006 and 30767226?
1414
What is the highest common divisor of 79606531 and 8926?
4463
Calculate the greatest common divisor of 32410 and 104638.
926
Calculate the highest common factor of 254110671 and 1017.
1017
What is the greatest common divisor of 23655830 and 2591?
2591
What is the greatest common divisor of 2441996 and 95338?
146
Calculate the greatest common factor of 4608 and 53007312.
48
What is the greatest common factor of 1474 and 91263447?
737
What is the highest common factor of 960465 and 201?
3
What is the highest common factor of 2358060 and 620?
20
What is the highest common factor of 4281250 and 6750?
250
Calculate the highest common divisor of 258549796 and 4712.
2356
Calculate the highest common factor of 1022 and 1196178.
146
What is the highest common factor of 837679645 and 55?
55
Calculate the highest common divisor of 8624 and 215362224.
1232
What is the greatest common factor of 19201 and 176757021?
1477
Calculate the greatest common factor of 413630 and 24738.
266
What is the highest common divisor of 22923 and 62181?
27
Calculate the greatest common factor of 14 and 1221752518.
14
Calculate the greatest common divisor of 12400735 and 407.
37
What is the highest common factor of 4229533 and 11151?
413
Calculate the greatest common factor of 1314544 and 464156.
3388
What is the highest common factor of 722547 and 8743?
7
What is the highest common factor of 21488 and 87007598?
2686
What is the greatest common factor of 1834495211 and 799?
799
What is the highest common factor of 961181 and 12519?
1391
What is the highest common factor of 217468593 and 948?
237
Calculate the highest common factor of 13454 and 18706702.
434
What is the greatest common factor of 1972 and 2997644?
68
Calculate the greatest common factor of 76997808 and 9.
9
What is the highest common divisor of 16716 and 7359816?
2388
What is the highest common divisor of 174 and 240055359?
87
What is the highest common factor of 6090 and 40585587?
609
What is the greatest common divisor of 49 and 8570443?
49
Calculate the highest common divisor of 325 and 29880825.
325
Calculate the highest common factor of 2749173 and 510880.
3193
Calculate the greatest common divisor of 1869748 and 716.
4
Calculate the greatest common divisor of 189098 and 119.
7
What is the greatest common factor of 377421 and 15114?
33
What is the highest common divisor of 313730419 and 69?
23
What is the greatest common factor of 236164 and 25024?
1564
What is the greatest common factor of 145996 and 2888?
76
Calculate the greatest common divisor of 28006 and 22115829.
1273
Calculate the highest common divisor of 56 and 670621.
7
What is the greatest common divisor of 41617822 and 4?
2
What is the greatest common factor of 8859648 and 1545?
309
What is the highest common divisor of 65638388 and 146?
146
Calculate the highest common divisor of 7468 and 4120469.
1867
What is the greatest common divisor of 141143022 and 18?
18
Calculate the greatest common factor of 178 and 144411133.
89
What is the greatest common factor of 28998370 and 190?
190
Calculate the highest common divisor of 8 and 32922916.
4
What is the highest common factor of 608798 and 2598?
866
What is the highest common divisor of 5594580 and 160?
20
What is the greatest common divisor of 3080575 and 7301?
149
Calculate the greatest common factor of 80867 and 235897.
419
Calculate the highest common factor of 96 and 101810848.
32
Calculate the highest common factor of 25407000 and 14850.
1350
Calculate the highest common divisor of 1505 and 11596455.
215
Calculate the greatest common divisor of 28 and 20579062.
14
What is the greatest common divisor of 406 and 136486?
14
Calculate the highest common factor of 20007 and 29107.
13
Calculate the greatest common divisor of 2002998 and 387806.
3998
Calculate the greatest common factor of 28480 and 541565.
445
What is the greatest common divisor of 1537 and 45880987?
1537
What is the highest common divisor of 6247213 and 6727?
217
Calculate the highest common factor of 783 and 985275.
261
What is the greatest common divisor of 12452785 and 343895?
3155
What is the highest common factor of 136 and 6585732?
68
What is the greatest common divisor of 128 and 5793888?
32
Calculate the highest common factor of 418 and 16242919.
11
Calculate the greatest common divisor of 1989 and 4821219.
117
Calculate the greatest common factor of 71442 and 23544.
54
Calculate the greatest common factor of 2113992842 and 26.
26
What is the highest common divisor of 31535 and 21043365?
595
What is the greatest common factor of 559 and 48774427?
559
Calculate the greatest common divisor of 76983 and 5011533.
201
Calculate the greatest common factor of 59 and 183001598.
59
Calculate the highest common divisor of 182609750 and 250.
250
What is the highest common divisor of 38 and 377401066?
38
What is the greatest common divisor of 844528194 and 6?
6
Calculate the highest common divisor of 9760 and 196115.
305
Calculate the greatest common divisor of 85 and 45583477.
17
Calculate the highest common divisor of 18399447 and 6044.
1511
Calculate the highest common factor of 5819 and 2314697.
253
What is the greatest common factor of 532992 and 4704?
96
Calculate the greatest common factor of 847 and 45427074.
77
Calculate the greatest common factor of 682 and 4592456.
22
What is the greatest common factor of 14850 and 19198350?
1350
What is the greatest common divisor of 619944 and 51?
3
Calculate the highest common divisor of 35806416 and 67412.
3548
Calculate the greatest common divisor of 36 and 2011584.
12
What is the greatest common factor of 273 and 2618161?
91
Calculate the highest common divisor of 698285 and 8779505.
2485
What is the greatest common divisor of 9057286 and 42263?
3251
What is the greatest common factor of 45547632 and 58?
58
Calculate the greatest common divisor of 33421 and 30400.
19
Calculate the greatest common factor of 28364 and 960624.
28
Calculate the greatest common factor of 189091 and 2964647.
833
Calculate the greatest common divisor of 75354 and 2487.
3
What is the highest common factor of 42762 and 7680?
6
Calculate the highest common divisor of 4327344 and 106.
106
What is the highest common factor of 1653 and 382017?
87
Calculate the highest common factor of 36 and 663489.
9
Calculate the greatest common divisor of 18830 and 111846434.
3766
What is the greatest common divisor of 72 and 30145320?
72
Calculate the highest common divisor of 4323204 and 20500.
164
What is the highest common divisor of 38259 and 3718317?
327
What is the highest common divisor of 1563959968 and 752?
752
Calculate the highest common divisor of 208287 and 18.
9
Calculate the highest common divisor of 1343 and 457300.
17
What is the greatest common divisor of 332550 and 736050?
150
What is the greatest common factor of 294 and 405048?
42
What is the greatest common factor of 75 and 